6 + (-9 - 3 - (67 - 80)).
8
Evaluate 1 + -7 - ((-21 - (4 - -5)) + 10).
14
(13 - (-7 - -2)) + -6
12
1 - (2 - -1) - (59 + -62)
1
Calculate (0 - 1 - (-2 - (0 + -5))) + -2.
-6
Calculate 2 + (5 - -2 - 9) - -7.
7
-12 - (1 + (-7 - -4) + (14 - 6))
-18
What is 7 - 3 - (3 - 4 - (6 - 1))?
10
What is the value of -7 + (-12 - (-6 + -9))?
-4
Evaluate -14 - -2 - -1 - (15 - (12 - -31)).
17
Evaluate 3 + -7 + 14 - (-4 + 1).
13
Evaluate 5 + -2 + -131 + 104.
-24
What is the value of (-3 + (-6 - -6) + 4 - 4) + 4?
1
Calculate -1 + -4 + -1 - (-38 - -10 - -28).
-6
What is the value of (-37 - -26) + (-15 - -34)?
8
Evaluate (5 - 21) + -11 + 12.
-15
Evaluate 1 - (39 + -25 + -40).
27
Calculate -25 + (-1 - 14 - -14).
-26
What is (10 - 18) + (4 - (6 - 0)) - -8?
-2
What is the value of 5 + (-20 - -7) + -2 + 7?
-3
Evaluate -63 + 90 - (-1 + 16).
12
-4 + -34 + 32 + 18
12
Calculate 1 - (-33 + 20) - -3.
17
Calculate (0 - -5 - (-8 - -14)) + -4 + -3.
-8
Evaluate 4 + 15 + (-1 + 5 - 8).
15
-13 + 4 + 1 + 6 + -22 + 45
21
What is (11 - (-22 - -34)) + 0 + 0 + 5?
4
Evaluate -11 + 5 + -9 + 15 - -3.
3
Evaluate 1 + -7 - (-2 + (2 - -3)).
-9
(-6 - 27 - -10) + 16
-7
What is -11 + (29 - (8 - -12))?
-2
Calculate ((-20 - -17) + (10 - 2) - 8) + 0.
-3
What is (-7 - (2 - -4) - -8) + 8 + 8?
11
What is 3 + 5 + 2 + -5 + (-14 - 2)?
-11
Evaluate 17 + -5 + (32 - 18).
26
What is 2 + -5 - -6 - (0 + -2 - -14)?
-9
Evaluate -1 - 6 - (71 - 65).
-13
What is 11 - -1 - (3 - (8 + -13))?
4
What is (10 - 9 - 4) + (-3 - -11) + -1?
4
What is the value of -19 + (-17 - -42 - -14)?
20
Calculate -9 + 12 + 11 - (-3 + 7).
10
Calculate 1 + -7 - (526 + -543).
11
What is the value of -18 - (1 + (-7 - -7) + -6)?
-13
Calculate 33 - (-12 - (-10 - 3 - 10)).
22
-15 + 2 + -2 - (-247 - -258)
-26
14 + (-13 - -17) + -12
6
What is the value of (5 - (19 + (5 - 4))) + (-5 - -7)?
-13
Evaluate -4 - (12 - (10 - 8)) - -3 - 9.
-20
Calculate (-20 - (22 - 18)) + 8.
-16
0 + 7 - -19 - 21
5
1 + 1 - (49 - 52) - -1 - 9
-3
What is the value of -18 + (52 - 18) - -1 - (1 - 8)?
24
What is -30 - (-70 + 41 - -19)?
-20
What is (-25 - -2) + 0 + (331 - 330)?
-22
-8 + (-5 - 0) + 13 - -3 - -1
4
What is 11 - (-1 + 3) - (33 + -24 + -4)?
4
What is the value of 384 - 381 - (-3 + (-1 - (-1 + 0)))?
6
Evaluate (-4 - (-5 + -4) - 2) + -7.
-4
(15 - (-2 + 0 + 10)) + -23
-16
20 + (-19 - (1 - -17))
-17
Calculate 5 - ((11 - 4) + 5) - 23.
-30
What is the value of (71 - 3) + (411 - 450)?
29
Calculate 7 - (-29 - (-1 - 27)).
8
What is 23 + -29 + -8 - (1 + -7)?
-8
What is the value of 4 - (6 - (0 + 4 + 8 - 4))?
6
Calculate 10 + 0 + -24 + 12.
-2
Evaluate (-35 - (-37 + -12)) + (3 - 12).
5
Evaluate -11 + -5 - (2 + (-1 - 6)).
-11
-19 + (-3 - 1 - 2 - (27 + -33))
-19
Calculate (1 - -10) + (-18 + 11 + -16 - 9).
-21
What is (2 - 1 - (-33 + 41)) + 27 + -12?
8
What is -9 - (-12 + 19 + -19)?
3
What is the value of -47 + 32 + -1 + (0 - (-4 + -3))?
-9
Evaluate -2 + (-23 - -13) - -18.
6
What is the value of -25 + 8 + 21 + -11?
-7
What is -3 + -1 + -2 + (24 - 22) + 8?
4
Evaluate 4 + 10 - -17 - (15 - 0).
16
-11 - ((188 - 176) + (-46 - 1))
24
Calculate 0 - (0 - (0 - -2) - (-9 + 5)).
-2
Evaluate 6 - (-6 + (42 - 38) + (-1 - -24)).
-15
What is 6 + (0 - -12 - 20)?
-2
What is the value of -5 + (0 - -5) + (3 - 0)?
3
What is (0 - (-1 + -7)) + (169 - (127 + 39))?
11
What is the value of -4 + (-23 - (-2 - 10) - -4) - -11?
0
6 + -10 + (5 - (7 - (0 + 6)))
0
Evaluate (6 - -2) + -8 + -1 + (10 - 0).
9
Evaluate 4 + -13 + -2 - -10 - (0 - 1).
0
What is the value of (68 + -64 - 0) + (12 - -1)?
17
Calculate 5 - ((-45 - -39) + 2 + 10).
-1
What is the value of 76 + -48 + (5 - 31)?
2
What is (-4 - (-12 + (0 - -8))) + 21?
21
What is -1 - (10 + -9 + 4 + -3 + 3)?
-6
What is the value of -27 - -21 - (0 - -2) - (11 - 3)?
-16
Calculate -3 - -1 - -14 - (-2 + 12 - 8).
10
-5 + 6 - (8 - (47 - 28))
12
What is the value of 17 - -16 - (-16 + 81)?
-32
-2 + -1 - (52 + -26 + -10)
-19
Evaluate (-2 - 0) + 306 + -312.
-8
(6 - (20 + 13)) + 3
-24
What is the value of 4 + 1 + (0 - (-1 + 7 + -13))?
12
14 + (-5 - (-12 + 4)) - -8
25
-1 + 3 + (84 - 77)
9
13 + (-33 - (11 - 11))
-20
What is (2 - 0) + -25 + (19 - (12 - 2))?
-14
What is -4 + -17 + 0 + 13?
-8
What is 3 + (-23 - (9 - (-3 - (-22 + 8))))?
-18
Evaluate 19 - (-34 - (-29 + -10)).
14
What is the value of 7 - -4 - (1 - 14 - -4)?
20
Calculate (-4 + 2 - (72 - 68)) + 26.
20
Calculate 8 + 14 + -8 + -6 - 6.
2
Evaluate -11 - (-3 + -2 + 5 + -1 + 2).
-12
What is -25 - (1 + -12 - (-31 - -37))?
-8
Calculate 0 + 17 - (-180 + 193).
4
11 + (13 - (37 - (2 - -14)))
3
Calculate (-1 - 0 - (8 - 5)) + (-25 - -12).
-17
Calculate -11 + (-4 + (5 - 10) - -9).
-11
What is 12 - (-3 + -2 + 7) - -3?
13
What is 1 - (1 + -14) - (221 + -221)?
14
What is (-188 - -147) + 3 + 29?
-9
What is 1553 + -1530 + (-30 - 0)?
-7
Evaluate 758 + -766 - (-16 + -2).
10
Evaluate (-12 - (8 - 6 - 3)) + 8 + 13.
10
What is the value of -6 + 1 + (-2 - -4) + 84 + -71?
10
Evaluate (54 - 49) + 2 + -6 + 5 + -1.
5
What is the value of (-14 - -2 - -7) + -1 + 20?
14
Evaluate 1 + (-20 + -1 - (-47 - -40)).
-13
What is 47 - (26 + -2) - 22?
1
(-1 - (-7 - -13)) + 4
-3
What is the value of (-3 - -37) + (-16 - 21)?
-3
What is -7 + -8 + 7 - -9 - -3?
4
7 + (-37 - -33) + 2 + -1 + 0
4
Calculate 12 - (27 - (3 - -3)).
-9
What is -10 - ((-2 - 2) + 4 + -9)?
-1
(35 - 2) + (-485 - -481)
29
What is 6 + 30 + -21 + -5?
10
2 - (6 + (7 + -11 + -9 - -7))
2
What is the value of -62 - -67 - (1 - -2 - (-21 - -5))?
-14
5 + (15 - 10) + 2 + -6
6
Evaluate -5 + -16 + 2 + 7.
-12
Calculate -16 + (13 + -1 - (-21 + 40)).
-23
Evaluate -1 + 6 + -1 + 12 - (1 - -6).
9
Evaluate 6 + (-6 - -3) - (1 - (-2 + 0)).
0
Calculate -126 + 127 + 6 + 1 + -5 + 3.
6
Calculate (-688 - -672) + (0 - -16).
0
Calculate -27 - -51 - (5 - -3).
16
Calculate (-11 - (6 - -4)) + 13.
-8
What is (5 - (-22 + 7)) + (13 - 29)?
4
What is 1 + 1 + 2 + 6 + -12?
-2
Evaluate 11 - (2 - -2 - (3 + -12 - -16)).
14
Calculate 4 + -25 + (2 + -1 - -10).
-10
Evaluate 55 + (-91 - -25) + 0 + -8.
-19
Evaluate 12 + 0 + (4 - 5) + 5.
16
What is -8 + 2 + (-44 - -38)?
-12
What is the value of (4 - 5) + 0 - -4 - (-3 + 17)?
-11
Calculate -30 + 2 - -17 - -7.
-4
Calculate -16 + (4 + 18 - 2).
4
What is the value of -14 - (-45 + 59 + -6 + -2)?
-20
What is the value of (-17 - (3 - 11) - 6) + 9?
-6
What is (-4 - -1) + -17 + 47 + (-14 - -11)?
24
What is the value of -21 + (-17 + -3 - (21 - 20 - 12))?
-30
Evaluate 8 + (43 + -41 - (2 - 4)).
12
898 + -898 - (17 + (-2 - -2))
-17
What is the value of -12 + 32 + (-14 - -1)?
7
What is 10 - (13 + -11) - (-21 - -4)?
25
Evaluate 7 + 3 + -15 + 11 + -5 - 12.
-11
What is -1 + 1 - (8 + -6) - 7?
-9
9 + 2 + (-2 - -5) + -13
1
Evaluate -5 + (9 - 21 - -3).
-14
What is (-5 + 8 - -5) + (11 - (-6 + 2))?
23
Evaluate 14 - (11 + (3 - -5) - 6).
1
What is 3 + (6 - -5) + -5 + (3 - 4)?
8
Evaluate 5 - 0 - (-6 - (-2 - 8)).
1
What is 1 - (-8 + 36 + -10)?
-17
What is the value of -6 + (7 - 3) - (-8 - (2 + -4))?
4
What is -11 - -8 - (24 - -9)?
-36
What is the value of (4 - -19) + -126 + 108?
5
-4 - (12 + -8 + -9 + 2)
-1
What is (2 - -10) + (163 - 168)?
7
What is the value of 4 + (-13 - (-9 + 6)) + 12 - -4?
10
-3 + (-4 - 0) + 33 + -18
8
(7 + -19 + -1 - 7) + 10
-10
What is (-4 - (-7 - -16)) + 11 + 28?
26
Calculate (3 - 7) + -5 - (21 - 39).
9
Evaluate 21 + -20 - 8 - (1 + 1).
-9
What is 4 - (-1 + 17) - -12?
0
What is the value of (2565 - 2570) + (1 - 24)?
-28
Evaluate -10 - (9 + (0 - -8 - 17 - 8)).
-2
Calculate -13 + 14 + 2 + (-2 - -3 - -8).
12
What is the value of 0 - (-11 + 16 + -7 + 16)?
-14
What is the value of 0 + (-8 - (-8 + 1 + (6 - 12)))?
5
Calculate -11 - (26 - (8 - -15)).
-14
What is the value of -25 - ((-12 - -22) + -52)?
17
Evaluate 23 - 4 - 34 - 0.
-15
Evaluate -7 + (3 - -3) + 1 + -1.
-1
What is the value of (-1 - (0 - 0)) + (-13 - (-37 - 0))?
23
What is the value of -7 + (4 + 5 - 23 - -7)?
-14
-14 + (-2 - -2) - (2 - (12 - 9))
-13
Calculate (20 - 25) + 10 + 0 - (2 - -15).
-12
What is the value of (-14 - (-76 - -33)) + -34?
-5
Evaluate -21 + 0 + (-57 - -90).
12
Evaluate 9 + (19 - 26) - (2 + 4).
-4
Calculate 3 + -17 + 3 - (-4 - 31).
24
What is the value of -7 - (7 + 10 + -16)?
-8
What is the value of 1 + -7 - (10 - 16)?
0
Evaluate 11 - (24 + (-21 - 3)).
11
25 + 15 + -47 - 0
-7
-1 + -10 + 24 - (4 - 1)
10
Calculate (19 - (12